
561405
Convert -56374 (base 16) to base 13.
-c4978
47b05c (base 13) to base 16
1a151f
68291 (base 11) to base 15
1e441
-1031630 (base 16) to base 10
-16979504
-173819 (base 10) to base 5
-21030234
What is c6623 (base 13) in base 9?
603578
Convert -113212210 (base 5) to base 12.
-212671
Convert c78c0 (base 13) to base 11.
226207
What is -3133303 (base 7) in base 4?
-1130110120
Convert -1162755 (base 8) to base 10.
-321005
Convert -1ba385 (base 14) to base 11.
-615788
Convert 2003203021 (base 4) to base 14.
100517
-1790411 (base 12) to base 6
-253202421
Convert -251604 (base 10) to base 2.
-111101011011010100
Convert 554154 (base 6) to base 12.
2295a
-1006856 (base 11) to base 6
-102055224
Convert 31041003 (base 6) to base 16.
d9bdb
-3f52d (base 16) to base 12
-106125
What is -3eac0d (base 15) in base 13?
-81b176
What is -24d55 (base 14) in base 7?
-524435
What is -22211122120 (base 3) in base 4?
-222132120
What is -1201040 (base 5) in base 3?
-1010012120
-5061405 (base 7) to base 8
-2232073
Convert 457475 (base 9) to base 4.
1003001000
What is 543753 (base 8) in base 12?
89577
What is 20453113 (base 6) in base 14?
117dad
What is -4814 (base 16) in base 5?
-1042302
-21011120110010 (base 3) to base 12
-1338aa9
Convert 14416220 (base 10) to base 4.
312333211130
Convert -1220345 (base 6) to base 14.
-19945
122858 (base 10) to base 11
8433a
45555522 (base 6) to base 12
575ba2
Convert -645 (base 12) to base 5.
-12132
Convert 701d (base 14) to base 13.
89a8
What is -2222121100 (base 3) in base 13?
-20991
Convert -10001011001101011011110 (base 2) to base 6.
-241434354
Convert 30318522 (base 9) to base 8.
67354170
-33371b (base 15) to base 11
-1418561
Convert 522552 (base 7) to base 3.
11120012010
-954377 (base 10) to base 4
-3221000021
Convert -24505031 (base 7) to base 10.
-2203454
Convert -21dd28 (base 14) to base 9.
-2145615
Convert -69629 (base 15) to base 11.
-20a093
What is 212502152 (base 7) in base 13?
2819585
1000100001101000110 (base 2) to base 7
2242323
What is 1ac23 (base 14) in base 5?
4140424
What is 108873 (base 10) in base 9?
175310
1002201222001 (base 3) to base 9
1081861
-186262 (base 10) to base 14
-4bc46
-510424 (base 7) to base 10
-86650
Convert 22dc22 (base 16) to base 15.
301da3
Convert 30a086 (base 11) to base 9.
836130
1155465 (base 7) to base 8
441703
Convert -10111001100001100011100 (base 2) to base 13.
-134b0c5
200311 (base 7) to base 3
1201022201
What is 188616 (base 12) in base 3?
210211001200
-1014305120 (base 6) to base 4
-220110100020
What is 10828351 (base 9) in base 3?
100220222101201
What is 7410734 (base 8) in base 16?
1e11dc
Convert 1001011111100010101100 (base 2) to base 4.
21133202230
Convert -1598d2 (base 16) to base 12.
-583102
3735450 (base 8) to base 15
155702
Convert 10101010001101110100111 (base 2) to base 4.
111101232213
11220011223 (base 4) to base 3
2202221012210
Convert -4b08a (base 14) to base 12.
-8a56a
What is -a755 (base 15) in base 9?
-53508
What is 6efab (base 16) in base 11?
290587
What is -13828 (base 13) in base 15?
-ac5d
34127 (base 9) to base 16
58b1
2132030 (base 6) to base 15
21386
Convert 137660 (base 11) to base 16.
3482b
-2346230 (base 7) to base 11
-193575
What is -1cb2 (base 13) in base 9?
-5885
Convert 336561 (base 10) to base 12.
142929
What is -6651136 (base 7) in base 13?
-228b14
112120022102010 (base 3) to base 5
3440212201
a26429 (base 15) to base 11
43a0318
Convert -28478 (base 9) to base 3.
-222112122
163a14 (base 13) to base 2
10000110100000101101
What is 55441 (base 8) in base 15?
6da4
What is c28495 (base 13) in base 5?
2124443022
49714 (base 12) to base 9
161457
Convert 14011417 (base 8) to base 11.
1862109
Convert -375a3 (base 12) to base 2.
-10010010110001011
What is 1070030 (base 10) in base 7?
12044423
Convert cb9a (base 16) to base 7.
304650
23431332 (base 5) to base 14
594b3
What is 330511 (base 6) in base 5?
1334103
What is 110000101100111001 (base 2) in base 16?
30b39
Convert -422424153 (base 6) to base 5.
-3344000102
Convert -33402310 (base 6) to base 2.
-11110110111011100010
Convert -2bb7 (base 14) to base 11.
-5956
-349830 (base 11) to base 6
-15520013
What is 244114344 (base 5) in base 16?
11b597
What is 2124205 (base 6) in base 14?
2a1ad
1046072 (base 8) to base 13
9b280
What is 160375 (base 8) in base 9?
87006
What is 38291 (base 10) in base 6?
453135
Convert 4311210 (base 5) to base 8.
215750
What is -153465 (base 9) in base 5?
-11010144
What is 1101110000010011 (base 2) in base 8?
156023
Convert 24598 (base 16) to base 8.
442630
What is -152142314 (base 7) in base 11?
-57aa160
What is 779a2 (base 14) in base 10?
290026
What is 214500535 (base 6) in base 9?
7240545
20776746 (base 8) to base 3
22101101100201
Convert 2320502 (base 6) to base 9.
201722
Convert 101110001001111100110 (base 2) to base 3.
2211211122122
146102406 (base 7) to base 11
5581869
Convert -1152130 (base 8) to base 9.
-532141
844b88 (base 16) to base 14
1219920
-69274 (base 12) to base 4
-202100320
What is -124814 (base 10) in base 4?
-132132032
-11a781c (base 13) to base 3
-101100110020001
What is 11899354 (base 10) in base 9?
24345754
Convert -1640165 (base 7) to base 8.
-675537
What is 62202 (base 14) in base 15?
4a088
157949a (base 13) to base 14
cb9d4d
What is -58680 (base 14) in base 5?
-23342240
-37a60 (base 16) to base 15
-4780b
What is 85880 (base 13) in base 6?
5055225
Convert -127323 (base 11) to base 3.
-101011101211
-21122021212 (base 3) to base 5
-14303021
57146 (base 8) to base 11
1717a
-1031101111 (base 4) to base 14
-834b3
What is -110111110001001001 (base 2) in base 7?
-1640651
What is -2231230420 (base 5) in base 16?
-4b7747
-540373 (base 12) to base 6
-44242223
What is 315b6 (base 16) in base 15?
3ed7b
What is -3365634 (base 7) in base 10?
-419808
What is -2899818 (base 10) in base 8?
-13037552
What is -10021201120 (base 3) in base 16?
-fca8
3322030010 (base 4) to base 13
29b598
What is 1125121 (base 9) in base 5?
123413412
Convert 11d5eb (base 15) to base 6.
30155205
What is -1709092 (base 10) in base 15?
-23b5e7
What is -23723155 (base 8) in base 11?
-2a45909
-543233 (base 13) to base 4
-13202311100
-31351 (base 8) to base 6
-140201
What is -201200332 (base 5) in base 15?
-10cecc
225172 (base 8) to base 3
10212211000
-9156627 (base 10) to base 8
-42734023
-230211413 (base 5) to base 7
-11456505
Convert -2ab77c (base 13) to base 14.
-1d5da9
576432 (base 8) to base 6
4110442
What is 1674404 (base 8) in base 5?
111132412
Convert 126a81a (base 15) to base 4.
302202202330
74616c (base 13) to base 7
32114445
What is 101002000220012 (base 3) in base 10?
5354429
Convert 666136 (base 7) to base 4.
130222012
Convert 14246111 (base 7) to base 8.
5070120
10cbde (base 16) to base 15
16b246
What is -10103220230 (base 4) in base 2?
-100010011101000101100
-1101002140 (base 5) to base 14
-455d1c
Convert -114107 (base 9) to base 5.
-4143424
Convert -822843 (base 9) to base 2.
-1110111000011101011
10411014 (base 5) to base 12
44a74
What is -221200220000 (base 3) in base 16?
-7b7f5
Convert 946ab (base 14) to base 4.
1113122133
22c81 (base 15) to base 6
2213021
Convert -609a7 (base 12) to base 6.
-2410331
-a0b3b (base 13) to base 5
-33200034
What is -44314552 (base 7) in base 4?
-32210123230
What is -410231312 (base 6) in base 10?
-7018172
Convert 692b2a (base 12) to base 11.
a50807
-942868 (base 10) to base 8
-3461424
What is 18a086 (base 11) in base 4?
1013023333
3103323 (base 5) to base 8
142437
-132471 (base 12) to base 13
-b05ab
What is -10002122122200 (base 3) in base 9?
-3078580
What is 1971a (base 16) in base 10?
104218
-12331242 (base 5) to base 14
-32062
What is -74b545 (base 16) in base 9?
-15346783
Convert 212112111 (base 4) to base 2.
100110010110010101
47d37 (base 14) to base 12
85665
What is -13137027 (base 8) in base 11?
-172304a
32716 (base 13) to base 3
11122012201
What is -184414 (base 11) in base 4?
-1011111202
-1570a7 (base 11) to base 5
-30244230
What is -33663561 (base 7) in base 9?
-5471103
What is -80a67 (base 11) in base 9?
-200377
Convert 200221212112 (base 3) to base 8.
1330642
46a41 (base 12) to base 15
1d151
Convert -420c86 (base 13) to base 9.
-2813505
Convert -1422721 (base 9) to base 3.
-1110202210201
133032130 (base 4) to base 3
20111110001
Convert 76